2, 7, 439, 577
What are the prime factors of 1151739137?
17, 8231
List the prime factors of 549670339.
549670339
List the prime factors of 563528171.
53, 10632607
List the prime factors of 1997213503.
1427, 1399589
List the prime factors of 49686483.
3, 7, 11, 29, 7417
What are the prime factors of 95170032?
2, 3, 220301
What are the prime factors of 241805867?
11117, 21751
What are the prime factors of 71917304?
2, 157, 57259
What are the prime factors of 776643236?
2, 107, 809, 2243
List the prime factors of 67465646.
2, 1747, 19309
What are the prime factors of 1202012205?
3, 5, 1061, 75527
What are the prime factors of 1917492655?
5, 13, 1931, 15277
What are the prime factors of 6402174904?
2, 10973, 72931
What are the prime factors of 3178564798?
2, 151, 1783, 5903
What are the prime factors of 372526326?
2, 3, 2389, 8663
List the prime factors of 50500239.
3, 16833413
What are the prime factors of 59163491?
59163491
What are the prime factors of 3315083965?
5, 743, 892351
List the prime factors of 1757744544.
2, 3, 233, 78583
What are the prime factors of 125934205?
5, 67, 375923
List the prime factors of 1511530099.
269, 5619071
What are the prime factors of 106605341?
8689, 12269
What are the prime factors of 76780412?
2, 19195103
What are the prime factors of 72026196?
2, 3, 11, 79, 6907
What are the prime factors of 8821958?
2, 857, 5147
List the prime factors of 179563474.
2, 89781737
What are the prime factors of 297919584?
2, 3, 1034443
What are the prime factors of 2199136640?
2, 5, 3436151
What are the prime factors of 108350805?
3, 5, 151, 47837
What are the prime factors of 2393080012?
2, 47, 151, 84299
List the prime factors of 1421703737.
113, 12581449
What are the prime factors of 101062571?
137, 737683
List the prime factors of 452947221.
3, 5591941
List the prime factors of 176680147.
7, 1447, 17443
List the prime factors of 526471191.
3, 29, 672377
List the prime factors of 5091153313.
5091153313
What are the prime factors of 4121256490?
2, 5, 13, 31701973
List the prime factors of 6723449246.
2, 3361724623
What are the prime factors of 66839044?
2, 16709761
What are the prime factors of 71026436?
2, 13, 167, 8179
What are the prime factors of 201626123?
201626123
What are the prime factors of 374333791?
13, 43, 669649
What are the prime factors of 75705130?
2, 5, 83, 197, 463
List the prime factors of 401253498.
2, 3, 97, 229813
List the prime factors of 120514507.
120514507
List the prime factors of 150751585.
5, 30150317
List the prime factors of 32726522.
2, 211, 77551
List the prime factors of 101745355.
5, 337, 60383
List the prime factors of 17743642.
2, 7, 1267403
What are the prime factors of 517922262?
2, 3, 11, 13, 79, 283
What are the prime factors of 305936683?
13, 37, 636043
List the prime factors of 195999983.
89, 1481, 1487
What are the prime factors of 140571298?
2, 7, 31, 46271
List the prime factors of 4067034752.
2, 11, 223, 12953
List the prime factors of 23945744.
2, 71, 107, 197
What are the prime factors of 5451673222?
2, 2689, 1013699
List the prime factors of 178745393.
178745393
List the prime factors of 1333585173.
3, 444528391
List the prime factors of 919671880.
2, 5, 2939, 7823
List the prime factors of 1109357681.
53, 1237, 16921
List the prime factors of 887032743.
3, 23, 1039, 12373
List the prime factors of 21406166.
2, 421, 25423
What are the prime factors of 262014717?
3, 87338239
What are the prime factors of 43508898?
2, 3, 19, 127219
What are the prime factors of 58758656?
2, 11, 10433
What are the prime factors of 934502006?
2, 23, 31, 655331
What are the prime factors of 50375276?
2, 7, 1799117
List the prime factors of 165289989.
3, 37, 1489099
What are the prime factors of 202202104?
2, 13, 19, 102329
What are the prime factors of 1740959873?
19, 91629467
What are the prime factors of 303768734?
2, 251, 605117
List the prime factors of 111273579.
3, 12363731
What are the prime factors of 8420288?
2, 149, 883
What are the prime factors of 3988268169?
3, 19, 69969617
What are the prime factors of 4827538325?
5, 811, 238103
List the prime factors of 103634374.
2, 51817187
What are the prime factors of 106743246?
2, 3, 71, 127, 1973
What are the prime factors of 626938988?
2, 13, 17, 271, 2617
List the prime factors of 283886232.
2, 3, 7, 53, 31883
List the prime factors of 1916324.
2, 479081
List the prime factors of 25746155.
5, 41, 125591
List the prime factors of 32537879.
11, 31, 95419
What are the prime factors of 1837164440?
2, 5, 53, 569, 1523
List the prime factors of 50806210.
2, 5, 7, 13, 31, 1801
List the prime factors of 232897795.
5, 13, 37, 179, 541
What are the prime factors of 347194364?
2, 11, 2029, 3889
List the prime factors of 362292059.
362292059
What are the prime factors of 264776251?
7951, 33301
What are the prime factors of 2071568474?
2, 16649, 62213
List the prime factors of 123717764.
2, 30929441
List the prime factors of 1614175076.
2, 403543769
What are the prime factors of 978754329?
3, 7, 127, 149, 821
List the prime factors of 307786986.
2, 3, 13, 438443
What are the prime factors of 75945598?
2, 31, 149, 8221
List the prime factors of 32174352.
2, 3, 7, 59, 541
List the prime factors of 839478602.
2, 29, 14473769
What are the prime factors of 1896307395?
3, 5, 126420493
What are the prime factors of 989754636?
2, 3, 13, 6344581
List the prime factors of 46185395.
5, 2351, 3929
What are the prime factors of 4145041050?
2, 3, 5, 29, 952883
List the prime factors of 1446113703.
3, 229, 2104969
List the prime factors of 89308187.
5503, 16229
What are the prime factors of 65519087?
19, 59, 211, 277
What are the prime factors of 201705937?
41, 4919657
What are the prime factors of 378804759?
3, 43, 439, 6689
List the prime factors of 296756677.
7, 5573, 7607
List the prime factors of 128622462.
2, 3, 149, 143873
List the prime factors of 263995737.
3, 17, 5176387
What are the prime factors of 3637650123?
3, 17, 23, 383, 2699
What are the prime factors of 20499034?
2, 10249517
What are the prime factors of 453455079?
3, 7, 11, 163, 12043
What are the prime factors of 182425351?
17, 23, 466561
What are the prime factors of 64603641?
3, 21534547
What are the prime factors of 2053368392?
2, 17, 15098297
List the prime factors of 24718975.
5, 988759
What are the prime factors of 599448498?
2, 3, 11, 277, 32789
List the prime factors of 37580740.
2, 5, 83, 22639
List the prime factors of 1970899087.
109, 18081643
List the prime factors of 266323333.
89, 191, 15667
What are the prime factors of 41340197?
389, 106273
List the prime factors of 197772288.
2, 3, 7, 17, 541
What are the prime factors of 3072885786?
2, 3, 170715877
List the prime factors of 49286716.
2, 12321679
What are the prime factors of 62349615?
3, 5, 193, 2393
List the prime factors of 384051657.
3, 11, 11637929
What are the prime factors of 1947546764?
2, 486886691
List the prime factors of 21812529.
3, 7270843
What are the prime factors of 37550157?
3, 29, 431611
List the prime factors of 46404424.
2, 11, 17, 31019
What are the prime factors of 229815912?
2, 3, 761, 12583
List the prime factors of 31517926.
2, 11, 89, 16097
What are the prime factors of 4522239967?
7, 23, 28088447
List the prime factors of 1071788157.
3, 11, 19, 569797
List the prime factors of 288027726.
2, 3, 7, 19, 61, 97
What are the prime factors of 118216535?
5, 461, 51287
List the prime factors of 216247201.
13121, 16481
What are the prime factors of 7544596141?
17, 859, 30391
List the prime factors of 116571976.
2, 61, 238877
What are the prime factors of 112448861?
7, 16064123
List the prime factors of 80860177.
17, 83, 3371
What are the prime factors of 1808506511?
7, 937, 275729
List the prime factors of 776070453.
3, 258690151
What are the prime factors of 52497391?
3019, 17389
What are the prime factors of 232514653?
7, 4745197
What are the prime factors of 240254469?
3, 7, 13, 293351
List the prime factors of 18421006.
2, 31, 297113
What are the prime factors of 130771131?
3, 43590377
What are the prime factors of 67446611?
829, 81359
List the prime factors of 249522238.
2, 7, 103, 173039
What are the prime factors of 34233973?
34233973
What are the prime factors of 151904441?
13, 11684957
What are the pr